{"id":85,"date":"2019-11-19T17:54:39","date_gmt":"2019-11-19T17:54:39","guid":{"rendered":"http:\/\/mesz-i.org\/?page_id=85"},"modified":"2025-02-23T18:15:04","modified_gmt":"2025-02-23T16:15:04","slug":"koszonetnyilvanitas","status":"publish","type":"page","link":"http:\/\/mesz-i.org\/?page_id=85","title":{"rendered":"K\u00f6sz\u00f6netnyilv\u00e1n\u00edt\u00e1s"},"content":{"rendered":"\n<div style=\"height:10px\" aria-hidden=\"true\" class=\"wp-block-spacer\"><\/div>\n\n\n<p style=\"text-align: justify;\"><a href=\"http:\/\/mesz-i.org\/wp-content\/uploads\/2019\/12\/DSC0124_kicsi.jpg\" data-rel=\"lightbox-image-0\" data-magnific_type=\"image\" data-rl_title=\"\" data-rl_caption=\"\" title=\"\"><img loading=\"lazy\" decoding=\"async\" class=\"wp-image-259  alignright\" src=\"http:\/\/mesz-i.org\/wp-content\/uploads\/2019\/12\/DSC0124_kicsi-300x199.jpg\" alt=\"\" width=\"369\" height=\"245\" srcset=\"http:\/\/mesz-i.org\/wp-content\/uploads\/2019\/12\/DSC0124_kicsi-300x199.jpg 300w, http:\/\/mesz-i.org\/wp-content\/uploads\/2019\/12\/DSC0124_kicsi-768x510.jpg 768w, http:\/\/mesz-i.org\/wp-content\/uploads\/2019\/12\/DSC0124_kicsi-150x100.jpg 150w, http:\/\/mesz-i.org\/wp-content\/uploads\/2019\/12\/DSC0124_kicsi.jpg 800w\" sizes=\"auto, (max-width: 369px) 100vw, 369px\" \/><\/a>K\u00f6sz\u00f6nettel tartozunk \u00e9s h\u00e1l\u00e1val ad\u00f3zunk a Kem\u00e9ny J\u00e1nos-d\u00edjas <strong><a href=\"https:\/\/njszt.hu\/hu\/user\/kepes-gabor\"><em>K\u00e9pes G\u00e1bornak<\/em><\/a><\/strong>, aki a Neumann J\u00e1nos Sz\u00e1m\u00edt\u00f3g\u00e9p-tudom\u00e1nyi T\u00e1rsas\u00e1g \u00fc<span class=\"field__item-wrapper\">gyvezet\u0151 igazgat\u00f3<\/span>ja, a Magyar M\u0171szaki \u00e9s K\u00f6zleked\u00e9si M\u00fazeum kor\u00e1bbi m\u0171szaki muzeol\u00f3giai oszt\u00e1lyvezet\u0151je, sz\u00e1m\u00edt\u00e1stechnikai gy\u0171jtem\u00e9ny\u00e9nek kor\u00e1bbi f\u0151muzeol\u00f3gusa, k\u00f6lt\u0151, sci-fi \u00edr\u00f3, a HP sz\u00e1mol\u00f3g\u00e9pek szerelmese. M\u00e9g <a href=\"https:\/\/hu.wikipedia.org\/wiki\/K%C3%A9pes_G%C3%A1bor\">wikipedia oldala<\/a> is van! Egyszer \u00e9n is pr\u00f3b\u00e1ltam, be\u00edrtam magam a sz\u00fclet\u00e9sem napj\u00e1hoz tartoz\u00f3 wikipedia oldalra az aznap sz\u00fcletett h\u00edress\u00e9gek k\u00f6z\u00e9, hogy \u201eKrisztian N\u00e9meth, Hungarian engineer\u201d, de kit\u00f6r\u00f6ltek. Pedig egyszer majd elj\u0151 az \u00e9n id\u0151m! G\u00e1bor\u00e9 mindenesetre m\u00e1r elj\u00f6tt. T\u00e9nyleg sokat seg\u00edtett a projekt indul\u00e1sa \u00f3ta, neki k\u00f6sz\u00f6nhetj\u00fck t\u00f6bbek k\u00f6z\u00f6tt a Kozma filmh\u00edrad\u00f3 r\u00e9szletet. Ha nincs az \u0151 \u00f6tlete, hogy ezt a sz\u00e1m\u00edt\u00f3g\u00e9pet \u00fajra k\u00e9ne \u00e9leszteni, ez a projekt sincs. Igaz, cser\u00e9be mi sokkal nyugodtabban alszunk. Hogy mindez\u00e9rt h\u00e1l\u00e1sak vagyunk-e, m\u00e9g nem tudjuk, de ha valakinek, akkor a projekt elindul\u00e1s\u00e1\u00e9rt minden bizonnyal neki tartozunk k\u00f6sz\u00f6nettel. A fot\u00f3n az a pillanat l\u00e1that\u00f3 , ahol ez az eg\u00e9sz f\u00e9lrement. G\u00e1bor bal oldalon l\u00e1that\u00f3, amint \u00e9pp kital\u00e1lja, hogy kitol egy csapat m\u00e9rn\u00f6kkel, azzal, hogy bogarat \u00fcltet a f\u00fcl\u00fckbe.<\/p>\n<p style=\"text-align: justify;\">G\u00e1bor h\u00edres a j\u00f3 humor\u00e1r\u00f3l (\u00e9s, khm, eredeti sz\u00f3vicceir\u0151l is), \u00edgy minden bizonnyal nem s\u00e9rt\u0151dik meg egy eff\u00e9le k\u00f6sz\u00f6netnyilv\u00e1n\u00edt\u00e1s\u00e9rt. Legfeljebb egy sz\u00e9p versben \u201e\u00e1ll bossz\u00fat\u201d. Vagy sci-fi-ben, amiben mi lesz\u00fcnk a f\u0151gonoszok. Abban a fajta sci-fi-ben, amelyben a gonosz nyer!<\/p>\n\n\n<div style=\"height:28px\" aria-hidden=\"true\" class=\"wp-block-spacer\"><\/div>\n\n\n\n<hr class=\"wp-block-separator\"\/>\n\n\n\n<div style=\"height:28px\" aria-hidden=\"true\" class=\"wp-block-spacer\"><\/div>\n\n\n<p style=\"text-align: justify;\"><em data-rich-text-format-boundary=\"true\"><a href=\"http:\/\/mesz-i.org\/wp-content\/uploads\/2020\/09\/KissL.jpg\" data-rel=\"lightbox-image-1\" data-magnific_type=\"image\" data-rl_title=\"\" data-rl_caption=\"\" title=\"\"><img loading=\"lazy\" decoding=\"async\" class=\"alignleft wp-image-384\" src=\"http:\/\/mesz-i.org\/wp-content\/uploads\/2020\/09\/KissL.jpg\" alt=\"\" width=\"351\" height=\"253\" \/><\/a><strong>Kiss L\u00e1szl\u00f3 <\/strong><\/em>az <a href=\"https:\/\/mmkm.hu\/hu\/tagintezmenyek?tid=3\">MMKM M\u0171szaki Tanulm\u00e1nyt\u00e1r\u00e1nak<\/a> m\u0171szaki muzeol\u00f3gusa fel\u00fcgyeli a munk\u00e1nkat. Igazi technikat\u00f6rt\u00e9neti polihisztor \u0151, aki a hadihaj\u00f3kt\u00f3l a l\u00e1bbal hajt\u00f3s varr\u00f3g\u00e9peken \u00e1t a sz\u00e1m\u00edt\u00f3g\u00e9pekig szinte mindenhez \u00e9rt. A munk\u00e1nkat pedig nem puszt\u00e1n fel\u00fcgyeli, hanem minden lehets\u00e9ges m\u00f3don t\u00e1mogatja. Sz\u00e1m\u00e1ra nem l\u00e9tezik \u201enem\u201d. Persze lehet, hogy csak mindig j\u00f3l k\u00e9r\u00fcnk.<\/p>\n<p style=\"text-align: justify;\">Az \u0151 \u00f6tlete volt az is, hogy az \u00e9ppen vizsg\u00e1lt jelfog\u00f3t a mellette l\u00e9v\u0151 kis lukon \u00e1tdugott hurkap\u00e1lc\u00e1val tudjuk \u00fagy megjel\u00f6lni a legegyszer\u0171bben, hogy az mindk\u00e9t oldalr\u00f3l azonos\u00edthat\u00f3 legyen. Remek \u00f6tlet, mindaddig, am\u00edg egyik\u00fcnk sem sz\u00farja ki vele a szem\u00e9t. M\u00e1rpedig egyel\u0151re mindenkinek megvan mindk\u00e9t szeme, sz\u00f3val \u2013 lekopogom \u2013 a dolog m\u0171k\u00f6dni l\u00e1tszik.<\/p>\n<p>Lacinak <em>(a k\u00e9pen jobbra, feh\u00e9r p\u00f3l\u00f3ban)<\/em> k\u00f6sz\u00f6nj\u00fck a v\u00e9gtelen seg\u00edt\u0151k\u00e9szs\u00e9g\u00e9t ez\u00faton is!<\/p>\n\n\n<div style=\"height:28px\" aria-hidden=\"true\" class=\"wp-block-spacer\"><\/div>\n\n\n\n<hr class=\"wp-block-separator\"\/>\n\n\n\n<div style=\"height:28px\" aria-hidden=\"true\" class=\"wp-block-spacer\"><\/div>\n\n\n<p style=\"text-align: justify;\"><a href=\"http:\/\/mesz-i.org\/wp-content\/uploads\/2020\/10\/halaszle1.jpg\" data-rel=\"lightbox-image-2\" data-magnific_type=\"image\" data-rl_title=\"\" data-rl_caption=\"\" title=\"\"><img loading=\"lazy\" decoding=\"async\" class=\"alignleft wp-image-734 size-medium\" src=\"http:\/\/mesz-i.org\/wp-content\/uploads\/2020\/10\/halaszle1-300x225.jpg\" alt=\"\" width=\"300\" height=\"225\" srcset=\"http:\/\/mesz-i.org\/wp-content\/uploads\/2020\/10\/halaszle1-300x225.jpg 300w, http:\/\/mesz-i.org\/wp-content\/uploads\/2020\/10\/halaszle1-768x576.jpg 768w, http:\/\/mesz-i.org\/wp-content\/uploads\/2020\/10\/halaszle1-150x113.jpg 150w, http:\/\/mesz-i.org\/wp-content\/uploads\/2020\/10\/halaszle1.jpg 1024w\" sizes=\"auto, (max-width: 300px) 100vw, 300px\" \/><\/a><em><strong>Szab\u00f3 M\u00e1t\u00e9val<\/strong><\/em> (cs\u00edkos p\u00f3l\u00f3ban) \u00e9s K\u00e9pes G\u00e1borral egy 2020 egy meleg j\u00faniusi napj\u00e1n Szegeden a Tisza partj\u00e1n egy hatalmas adag hal\u00e1szl\u00e9 mellett azt tervezt\u00fck, hogy megv\u00e1ltjuk a vil\u00e1got. Vagy \u00e1tvessz\u00fck az uralmat felette, vagy valami ilyesmit. De legal\u00e1bbis esz\u00fcnk egy desszertet. A h\u00e1romb\u00f3l egy eddig siker\u00fclt is (nem mondjuk meg, melyik), illetve siker\u00fclt kicsit M\u00e1t\u00e9t is beh\u00fazni a cs\u0151be, hogy seg\u00edtsen e lap angolra ford\u00edt\u00e1s\u00e1ban. Ez \u00edgy is t\u00f6rt\u00e9nt, neki pedig <em><strong>Kendra Chilson<\/strong><\/em> seg\u00edtett, nagyon k\u00f6szi mindkett\u0151j\u00fcknek! Thank you, guys! Meg persze G\u00e1bornak is, aki n\u00e9lk\u00fcl ez sem j\u00f6hetett volna l\u00e9tre, term\u00e9szetesen. Sajna a fot\u00f3r\u00f3l cs\u00fany\u00e1n lemaradt, de higgy\u00e9k el, a k\u00f3la az \u00f6v\u00e9 volt.<\/p>","protected":false},"excerpt":{"rendered":"<p>K\u00f6sz\u00f6nettel tartozunk \u00e9s h\u00e1l\u00e1val ad\u00f3zunk a Kem\u00e9ny J\u00e1nos-d\u00edjas K\u00e9pes G\u00e1bornak, aki a Neumann J\u00e1nos Sz\u00e1m\u00edt\u00f3g\u00e9p-tudom\u00e1nyi T\u00e1rsas\u00e1g \u00fcgyvezet\u0151 igazgat\u00f3ja, a Magyar M\u0171szaki \u00e9s K\u00f6zleked\u00e9si M\u00fazeum kor\u00e1bbi m\u0171szaki muzeol\u00f3giai oszt\u00e1lyvezet\u0151je, sz\u00e1m\u00edt\u00e1stechnikai gy\u0171jtem\u00e9ny\u00e9nek kor\u00e1bbi f\u0151muzeol\u00f3gusa, k\u00f6lt\u0151, sci-fi \u00edr\u00f3, a HP sz\u00e1mol\u00f3g\u00e9pek szerelmese. M\u00e9g wikipedia oldala is van! Egyszer \u00e9n is pr\u00f3b\u00e1ltam, be\u00edrtam magam&#8230;<\/p>\n<p class=\"continue-reading-button\"> <a class=\"continue-reading-link\" href=\"http:\/\/mesz-i.org\/?page_id=85\">Tov\u00e1bb<i class=\"crycon-right-dir\"><\/i><\/a><\/p>\n","protected":false},"author":1,"featured_media":0,"parent":0,"menu_order":0,"comment_status":"closed","ping_status":"closed","template":"","meta":{"footnotes":""},"class_list":["post-85","page","type-page","status-publish","hentry"],"jetpack_sharing_enabled":true,"_links":{"self":[{"href":"http:\/\/mesz-i.org\/index.php?rest_route=\/wp\/v2\/pages\/85","targetHints":{"allow":["GET"]}}],"collection":[{"href":"http:\/\/mesz-i.org\/index.php?rest_route=\/wp\/v2\/pages"}],"about":[{"href":"http:\/\/mesz-i.org\/index.php?rest_route=\/wp\/v2\/types\/page"}],"author":[{"embeddable":true,"href":"http:\/\/mesz-i.org\/index.php?rest_route=\/wp\/v2\/users\/1"}],"replies":[{"embeddable":true,"href":"http:\/\/mesz-i.org\/index.php?rest_route=%2Fwp%2Fv2%2Fcomments&post=85"}],"version-history":[{"count":43,"href":"http:\/\/mesz-i.org\/index.php?rest_route=\/wp\/v2\/pages\/85\/revisions"}],"predecessor-version":[{"id":1098,"href":"http:\/\/mesz-i.org\/index.php?rest_route=\/wp\/v2\/pages\/85\/revisions\/1098"}],"wp:attachment":[{"href":"http:\/\/mesz-i.org\/index.php?rest_route=%2Fwp%2Fv2%2Fmedia&parent=85"}],"curies":[{"name":"wp","href":"https:\/\/api.w.org\/{rel}","templated":true}]}}